uppose 7*c - 1259 = 57. Calculate the highest common factor of x and c.
47
Suppose 3*t + 13 = 4*s, -4*s + 2*s = 4. Let o = t + 18. Suppose 2*x - 7*a = -9*a + 28, -4*x + 2*a = -38. What is the greatest common factor of x and o?
11
Suppose 19*i - 1443 = 77. Calculate the highest common factor of 1232 and i.
16
Let i(d) = d**2 - 7*d - 4. Let q be i(8). Suppose -w = -q*r + 465, w - 345 = -3*r - 2*w. Let p = r + -74. Calculate the greatest common factor of p and 42.
42
Let f = 10624 - 9636. Calculate the greatest common divisor of 608 and f.
76
Suppose -12*a - 3 = -11*a. Let q be (a/(-9))/(3/9). Let f(z) = z**3 + 7*z**2 - 9*z - 3. Let r be f(-8). Calculate the highest common factor of r and q.
1
Let x(u) = -u**2 - 19*u + 48. Let j be x(-12). Suppose -125*i + j*i - 546 = 0. What is the greatest common factor of i and 130?
26
Let k(o) = 65*o**3 - 31*o**2 - 5*o + 19. Let u be k(5). What is the highest common factor of u and 54?
54
Let f = 14 + -2. Let m = 28296 + -28212. What is the highest common divisor of f and m?
12
Suppose 2*o = 6*o - 284 + 256. Let w = 39 - 18. Calculate the greatest common factor of o and w.
7
Suppose 169*z + 450 = a + 164*z, 2276 = 5*a + z. Suppose -285 = -4*v - 5*t, 0*t - 150 = -2*v - 4*t. Calculate the greatest common divisor of a and v.
65
Suppose -52 = -11*o - 8. Suppose 420 = 2*s - 3*v, 5*s + 52 = -o*v + 1056. Calculate the greatest common divisor of 12 and s.
12
Let u be (44/140 - (-18)/63)*180. Calculate the greatest common divisor of u and 729.
27
Suppose 4*h = -4*o + 564, 3*h + 0*o - 3*o - 393 = 0. Let c = 28961 - 28910. Calculate the greatest common factor of c and h.
17
Let z = 378 + -775. Let j = 19 - z. What is the greatest common divisor of j and 16?
16
Suppose 19*h + 8 - 65 = 0. Suppose -h*m - 5*t = 5, 5*m - 13 = -t + 8. Calculate the highest common divisor of m and 25.
5
Let v(d) = -d**3 - 8*d**2 + 17*d + 18. Let r be v(-10). Let f = -26 - -30. Let j be 6/(1 - f) + 8. Calculate the greatest common divisor of j and r.
6
Let y = -6580 - -6581. What is the highest common divisor of y and 97?
1
Let a be 1/7 + (-2 - (-8710)/35). Let x = 279 - a. What is the greatest common divisor of 320 and x?
32
Let v be (2/3)/(30/7740). What is the highest common factor of 1333 and v?
43
Let a = 1587 - 1132. Let w = -380 + a. What is the highest common divisor of 100 and w?
25
Let z = -3112 - -3155. What is the highest common factor of 2537 and z?
43
Let p be ((-4)/12)/((-2)/(36/(-2))). Let k(x) = 40*x**2 + 11*x - 9. Let v be k(p). Calculate the highest common factor of v and 6.
6
Let s(h) = h**2 + 2*h - 1. Let o be s(-3). Suppose -4*c = -7*c - 4*a + 804, -o*c = a - 531. Calculate the highest common divisor of 33 and c.
33
Let i(w) = w**3 + 7*w**2 - 8*w - 14. Let x be i(-7). Suppose -983 = b - 235. Let o = -454 - b. What is the highest common divisor of x and o?
42
Suppose 0 = 73*s + 51*s - 83*s - 68634. What is the greatest common factor of s and 124?
62
Suppose m = -m - 3*c + 4, -6 = 3*c. Suppose 0*d + m = 5*d, 5*t + 1644 = 4*d. Let x be ((-1)/(-2))/(3 + 980/t). Calculate the highest common factor of 41 and x.
41
Let p be (-60)/(-7)*28/6. Suppose 4*x - 9*x + p = 0. Let l(k) = k**2 + k - 4. Let a be l(-3). What is the greatest common factor of x and a?
2
Suppose -75*j - 216 = -66*j. Let u be (2 - (-5)/(-4)) + (-2094)/j. Calculate the highest common divisor of u and 66.
22
Suppose -8148 - 58921 = -9*p + 2204. What is the highest common divisor of p and 43?
43
Let j(v) = -v**2 - v + 756. Let m be j(0). Suppose -6*i = -m + 156. What is the highest common factor of i and 60?
20
Suppose -4*f + 751 = -5*s, 3*f + 3*s - 6*s - 564 = 0. Suppose 567 = -23918*a + 23939*a. What is the greatest common divisor of f and a?
27
Suppose 19*o = 214*o - 5460. What is the greatest common factor of 6300 and o?
28
Let u = -217 - -222. Let b(j) = -j**3 + 6*j**2 - 2*j + 5. Let h be b(5). Let z be u/(h/32)*(1 - -1). Calculate the highest common factor of 16 and z.
16
Suppose 3*f - 68 = -3*p + 8*f, p + 5*f = -4. Calculate the greatest common divisor of p and 208.
16
Suppose 0*r - 30 = -5*r. Let h(f) = f**3 + 10*f**2 + 8*f + 24. Let a be h(-8). Suppose 4*x + a = r*x. Calculate the highest common divisor of x and 8.
4
Let a(y) = -y**2 + 15*y - 28. Let n be a(9). Let q be (380 - (2 - 1)) + -3 - 3. Suppose -251 = -3*f + q. What is the greatest common factor of f and n?
26
Suppose 0*x + 64 = 2*x. Suppose 0 = -49*i + 11*i - 342. Let k(z) = -z**3 - 15*z**2 - 58*z - 20. Let h be k(i). What is the highest common factor of x and h?
16
Let o = 29334 - 24663. What is the greatest common factor of 108 and o?
27
Let p = -14279 - -14297. What is the greatest common divisor of p and 134?
2
Let u(b) = 2*b**2 + 37*b + 20. Let y be 224/(-12) + -6*3/(-27). Let a be u(y). What is the greatest common divisor of 10 and a?
2
Let a = 18 + -13. Suppose -4*n + 2 = 4*z - 2, a*n = z + 11. Let v be ((-2)/4)/(-1*1/n). What is the highest common divisor of v and 4?
1
Let n(b) = -3*b - 25. Let v be n(-9). Suppose a - 8 = -2*u, -a - v*u = 2*a - 32. What is the highest common divisor of 204 and a?
12
Let u = -402 + 396. Let n(b) = b**2 - 4*b + 12. Let q be n(u). What is the greatest common factor of 9 and q?
9
Let x(r) = -r**3 - 4*r**2 + 3*r + 4. Let s be x(-5). Let h be (6 + (-4 - 3))*-4. Let a be 10*(h + s/(-4)). What is the highest common divisor of a and 35?
5
Let d = -38 + 52. Suppose -11 + d = i. Suppose 12*p - i*p = 171. Calculate the greatest common factor of 76 and p.
19
Suppose 53*f = 1113 + 530. What is the highest common divisor of 10819 and f?
31
Suppose -3923 = -23*a - 9604. Let q = 373 + a. What is the greatest common factor of 84 and q?
42
Let l = -16132 - -16176. What is the highest common divisor of 256 and l?
4
Suppose a = -3*a - d + 1176, 0 = 2*a + 4*d - 588. Let h be (-3 - 12/(-9))/(1615/(-40698)). What is the highest common factor of h and a?
42
Suppose 84*a = -15*a - 8*a + 34240. What is the greatest common divisor of a and 80?
80
Suppose -p - 3*a + 29 = 0, -4*p + 5*a - 165 = -9*p. Let z be 158/14 + (-10)/p. Let s be 369/11 + 468/(-858). Calculate the highest common divisor of z and s.
11
Suppose 16*u = 11*u + 40. Suppose -u*x = -6*x - 66. Suppose 0 = 11*i - x. What is the highest common factor of 21 and i?
3
Suppose 0 = -5*d + 4*p - 4 + 10, 4*d - p - 7 = 0. Suppose f = -3*q + 79 + 663, 1233 = 5*q - d*f. What is the greatest common factor of q and 19?
19
Let v(f) = 102*f - 1492. Let o be v(21). What is the highest common divisor of o and 1495?
65
Suppose 0 = -0*h - 5*h + 150. Suppose 3*o - 3*v - 978 = 0, 6*o - 1618 = o + 2*v. Suppose -f + o = 52. Calculate the highest common factor of f and h.
30
Let b(o) = -6*o + 20 + 28 - 20 + 14. Let u be b(6). What is the greatest common divisor of u and 6?
6
Let i = -56 - -30. Let k = 116 + i. Suppose -26 - 34 = -2*v. What is the highest common factor of k and v?
30
Let x = 632 + -370. Let m = x - 145. Calculate the highest common divisor of m and 156.
39
Let s(k) = 6*k + 26 - 87 + 28 + 25 + 13*k**2. Let z be s(-4). What is the greatest common divisor of 11 and z?
11
Let y = -1759 - -2177. What is the greatest common factor of y and 55?
11
Let t(a) = a**3 + 7*a**2 + 3*a - 12. Let v be (-1)/3 + 153/(-27). Let y be t(v). Calculate the highest common factor of 78 and y.
6
Let h be 15/4*(-15 - -7). Let u be 3/21*-2 + h/(-7). Suppose -3*t = 0, -f - 7 = 2*t - 21. What is the highest common divisor of f and u?
2
Let h = -6736 + 7211. What is the greatest common divisor of h and 418?
19
Let o(s) = 15*s**3 + 5*s**2 + 10*s - 12. Let h be o(4). Suppose h + 648 = 13*t. What is the highest common divisor of t and 9?
3
Suppose 5*m = 56 - 11. Let c(n) = n**2 - 14*n + 60. Let r be c(m). What is the greatest common divisor of r and 25?
5
Let u = -1401 - -1481. Let s(y) = y**3 - 8*y**2 + 11*y + 11. Let b be s(6). Calculate the highest common factor of b and u.
5
Let l be 702 - -1*25/(9 + -4). Calculate the greatest common factor of 7 and l.
7
Let s(l) = -3*l**2 - 7*l + 70. Let d be s(-3). Suppose 185 = 4*a + 25. Calculate the greatest common factor of d and a.
8
Let d(i) = 10*i**2 - 2*i + 1. Let k be d(4). Let w(y) = 8*y**2 - 137*y + 51. Let p be w(17). What is the greatest common factor of k and p?
17
Let d be ((-1188320)/480)/(7/(-3)). What